{"id":1488,"date":"2024-03-19T08:46:02","date_gmt":"2024-03-19T07:46:02","guid":{"rendered":"https:\/\/holz-huber.at\/karriere\/"},"modified":"2024-03-19T08:46:02","modified_gmt":"2024-03-19T07:46:02","slug":"karriere","status":"publish","type":"page","link":"https:\/\/holz-huber.at\/de\/karriere\/","title":{"rendered":"Karriere"},"content":{"rendered":"\t\t<div data-elementor-type=\"wp-page\" data-elementor-id=\"1488\" class=\"elementor elementor-1488 elementor-42\" data-elementor-post-type=\"page\">\n\t\t\t\t<div class=\"elementor-element elementor-element-e4b0d86 e-con-full e-flex e-con e-parent\" data-id=\"e4b0d86\" data-element_type=\"container\" data-e-type=\"container\" data-settings=\"{&quot;jet_parallax_layout_list&quot;:[],&quot;background_background&quot;:&quot;classic&quot;}\">\n\t\t\t\t<\/div>\n\t\t<div class=\"elementor-element elementor-element-a775cf8 e-con-full e-flex e-con e-parent\" data-id=\"a775cf8\" data-element_type=\"container\" data-e-type=\"container\" data-settings=\"{&quot;jet_parallax_layout_list&quot;:[]}\">\n\t\t<div class=\"elementor-element elementor-element-164171e e-con-full e-flex e-con e-child\" data-id=\"164171e\" data-element_type=\"container\" data-e-type=\"container\" data-settings=\"{&quot;background_background&quot;:&quot;classic&quot;,&quot;jet_parallax_layout_list&quot;:[]}\">\n\t\t\t\t<div class=\"elementor-element elementor-element-98f75d6 elementor-widget elementor-widget-heading\" data-id=\"98f75d6\" data-element_type=\"widget\" data-e-type=\"widget\" data-widget_type=\"heading.default\">\n\t\t\t\t<div class=\"elementor-widget-container\">\n\t\t\t\t\t<h2 class=\"elementor-heading-title elementor-size-default\">Ihre Karriere bei Holz Huber<\/h2>\t\t\t\t<\/div>\n\t\t\t\t<\/div>\n\t\t\t\t<div class=\"elementor-element elementor-element-5fe3c51 elementor-widget-divider--view-line elementor-widget elementor-widget-divider\" data-id=\"5fe3c51\" data-element_type=\"widget\" data-e-type=\"widget\" data-widget_type=\"divider.default\">\n\t\t\t\t<div class=\"elementor-widget-container\">\n\t\t\t\t\t\t\t<div class=\"elementor-divider\">\n\t\t\t<span class=\"elementor-divider-separator\">\n\t\t\t\t\t\t<\/span>\n\t\t<\/div>\n\t\t\t\t\t\t<\/div>\n\t\t\t\t<\/div>\n\t\t\t\t<div class=\"elementor-element elementor-element-9bc5534 elementor-widget elementor-widget-text-editor\" data-id=\"9bc5534\" data-element_type=\"widget\" data-e-type=\"widget\" data-widget_type=\"text-editor.default\">\n\t\t\t\t<div class=\"elementor-widget-container\">\n\t\t\t\t\t\t\t\t\t<p>Derzeit sind wir nicht auf der Suche nach Verst\u00e4rkung f\u00fcr unser Team. Sobald freie Stellen verf\u00fcgbar sind, finden Sie auf dieser Seite Stellenausschreibungen. Wir freuen uns immer \u00fcber eine Initiativbewerbung!<\/p>\n\t\t\t\t\t\t\t\t<\/div>\n\t\t\t\t<\/div>\n\t\t<div class=\"elementor-element elementor-element-8362900 e-flex e-con-boxed e-con e-child\" data-id=\"8362900\" data-element_type=\"container\" data-e-type=\"container\" data-settings=\"{&quot;jet_parallax_layout_list&quot;:[]}\">\n\t\t\t\t\t<div class=\"e-con-inner\">\n\t\t<div class=\"elementor-element elementor-element-ecdb9ad e-flex e-con-boxed e-con e-child\" data-id=\"ecdb9ad\" data-element_type=\"container\" data-e-type=\"container\" data-settings=\"{&quot;jet_parallax_layout_list&quot;:[]}\">\n\t\t\t\t\t<div class=\"e-con-inner\">\n\t\t\t\t<div class=\"elementor-element elementor-element-27b7d1f link-color elementor-widget elementor-widget-text-editor\" data-id=\"27b7d1f\" data-element_type=\"widget\" data-e-type=\"widget\" data-widget_type=\"text-editor.default\">\n\t\t\t\t<div class=\"elementor-widget-container\">\n\t\t\t\t\t\t\t\t\t<p>Holz Huber GmbH<br \/>Rennweg 1<br \/>9560 Feldkirchen in K\u00e4rnten<\/p>\n<p><strong>Tel:<\/strong> <a href=\"tel:+436643576990\">+43 664 3576990<\/a><br \/><strong>Mail:<\/strong> <a href=\"mailto:office@holz-huber.at\">office@holz-huber.at<\/a><\/p>\n\t\t\t\t\t\t\t\t<\/div>\n\t\t\t\t<\/div>\n\t\t\t\t\t<\/div>\n\t\t\t\t<\/div>\n\t\t<div class=\"elementor-element elementor-element-5df1b72 e-flex e-con-boxed e-con e-child\" data-id=\"5df1b72\" data-element_type=\"container\" data-e-type=\"container\" data-settings=\"{&quot;jet_parallax_layout_list&quot;:[]}\">\n\t\t\t\t\t<div class=\"e-con-inner\">\n\t\t\t\t<div class=\"elementor-element elementor-element-7dd9a0c elementor-widget elementor-widget-image\" data-id=\"7dd9a0c\" data-element_type=\"widget\" data-e-type=\"widget\" data-widget_type=\"image.default\">\n\t\t\t\t<div class=\"elementor-widget-container\">\n\t\t\t\t\t\t\t\t\t\t\t\t\t\t\t<img fetchpriority=\"high\" decoding=\"async\" width=\"1001\" height=\"997\" src=\"https:\/\/holz-huber.at\/wp-content\/uploads\/2023\/08\/Favicon.png\" class=\"attachment-large size-large wp-image-1359\" alt=\"\" srcset=\"https:\/\/holz-huber.at\/wp-content\/uploads\/2023\/08\/Favicon.png 1001w, https:\/\/holz-huber.at\/wp-content\/uploads\/2023\/08\/Favicon-300x300.png 300w, https:\/\/holz-huber.at\/wp-content\/uploads\/2023\/08\/Favicon-150x150.png 150w, https:\/\/holz-huber.at\/wp-content\/uploads\/2023\/08\/Favicon-768x765.png 768w, https:\/\/holz-huber.at\/wp-content\/uploads\/2023\/08\/Favicon-230x230.png 230w, https:\/\/holz-huber.at\/wp-content\/uploads\/2023\/08\/Favicon-600x598.png 600w\" sizes=\"(max-width: 1001px) 100vw, 1001px\" \/>\t\t\t\t\t\t\t\t\t\t\t\t\t\t\t<\/div>\n\t\t\t\t<\/div>\n\t\t\t\t\t<\/div>\n\t\t\t\t<\/div>\n\t\t\t\t\t<\/div>\n\t\t\t\t<\/div>\n\t\t\t\t<\/div>\n\t\t\t\t<\/div>\n\t\t\t\t<\/div>\n\t\t","protected":false},"excerpt":{"rendered":"<p>Ihre Karriere bei Holz Huber Derzeit sind wir nicht auf der Suche nach Verst\u00e4rkung f\u00fcr unser Team. Sobald freie Stellen verf\u00fcgbar sind, finden Sie auf dieser Seite Stellenausschreibungen. Wir freuen uns immer \u00fcber eine Initiativbewerbung! Holz Huber GmbHRennweg 19560 Feldkirchen in K\u00e4rnten Tel: +43 664 3576990Mail: office@holz-huber.at<\/p>\n","protected":false},"author":1,"featured_media":0,"parent":0,"menu_order":0,"comment_status":"closed","ping_status":"closed","template":"elementor_header_footer","meta":{"_acf_changed":false,"inline_featured_image":false,"_jet_sm_ready_style":"","_jet_sm_style":"","_jet_sm_controls_values":"","_jet_sm_fonts_collection":"","_jet_sm_fonts_links":"","footnotes":""},"class_list":["post-1488","page","type-page","status-publish","hentry"],"acf":[],"yoast_head":"<!-- This site is optimized with the Yoast SEO plugin v27.4 - https:\/\/yoast.com\/product\/yoast-seo-wordpress\/ -->\n<title>Karriere \u2013 werden Sie Teil unseres Teams<\/title>\n<meta name=\"description\" content=\"Sind Sie daran interessiert, Teil unseres engagierten Teams bei Holz Huber in Feldkirchen, \u00d6sterreich zu werden? Starten Sie Ihre Karriere in unserem S\u00e4gewerk in K\u00e4rnten.\" \/>\n<meta name=\"robots\" content=\"index, follow, max-snippet:-1, max-image-preview:large, max-video-preview:-1\" \/>\n<link rel=\"canonical\" href=\"https:\/\/holz-huber.at\/de\/karriere\/\" \/>\n<meta property=\"og:locale\" content=\"de_DE\" \/>\n<meta property=\"og:type\" content=\"article\" \/>\n<meta property=\"og:title\" content=\"Karriere \u2013 werden Sie Teil unseres Teams\" \/>\n<meta property=\"og:description\" content=\"Sind Sie daran interessiert, Teil unseres engagierten Teams bei Holz Huber in Feldkirchen, \u00d6sterreich zu werden? Starten Sie Ihre Karriere in unserem S\u00e4gewerk in K\u00e4rnten.\" \/>\n<meta property=\"og:url\" content=\"https:\/\/holz-huber.at\/de\/karriere\/\" \/>\n<meta property=\"og:site_name\" content=\"Holz Huber\" \/>\n<meta property=\"og:image\" content=\"https:\/\/holz-huber.at\/wp-content\/uploads\/2023\/08\/Favicon.png\" \/>\n<meta name=\"twitter:card\" content=\"summary_large_image\" \/>\n<script type=\"application\/ld+json\" class=\"yoast-schema-graph\">{\"@context\":\"https:\\\/\\\/schema.org\",\"@graph\":[{\"@type\":\"WebPage\",\"@id\":\"https:\\\/\\\/holz-huber.at\\\/de\\\/karriere\\\/\",\"url\":\"https:\\\/\\\/holz-huber.at\\\/de\\\/karriere\\\/\",\"name\":\"Karriere \u2013 werden Sie Teil unseres Teams\",\"isPartOf\":{\"@id\":\"https:\\\/\\\/holz-huber.at\\\/de\\\/#website\"},\"primaryImageOfPage\":{\"@id\":\"https:\\\/\\\/holz-huber.at\\\/de\\\/karriere\\\/#primaryimage\"},\"image\":{\"@id\":\"https:\\\/\\\/holz-huber.at\\\/de\\\/karriere\\\/#primaryimage\"},\"thumbnailUrl\":\"https:\\\/\\\/holz-huber.at\\\/wp-content\\\/uploads\\\/2023\\\/08\\\/Favicon.png\",\"datePublished\":\"2024-03-19T07:46:02+00:00\",\"description\":\"Sind Sie daran interessiert, Teil unseres engagierten Teams bei Holz Huber in Feldkirchen, \u00d6sterreich zu werden? Starten Sie Ihre Karriere in unserem S\u00e4gewerk in K\u00e4rnten.\",\"breadcrumb\":{\"@id\":\"https:\\\/\\\/holz-huber.at\\\/de\\\/karriere\\\/#breadcrumb\"},\"inLanguage\":\"de\",\"potentialAction\":[{\"@type\":\"ReadAction\",\"target\":[\"https:\\\/\\\/holz-huber.at\\\/de\\\/karriere\\\/\"]}]},{\"@type\":\"ImageObject\",\"inLanguage\":\"de\",\"@id\":\"https:\\\/\\\/holz-huber.at\\\/de\\\/karriere\\\/#primaryimage\",\"url\":\"https:\\\/\\\/holz-huber.at\\\/wp-content\\\/uploads\\\/2023\\\/08\\\/Favicon.png\",\"contentUrl\":\"https:\\\/\\\/holz-huber.at\\\/wp-content\\\/uploads\\\/2023\\\/08\\\/Favicon.png\"},{\"@type\":\"BreadcrumbList\",\"@id\":\"https:\\\/\\\/holz-huber.at\\\/de\\\/karriere\\\/#breadcrumb\",\"itemListElement\":[{\"@type\":\"ListItem\",\"position\":1,\"name\":\"Startseite\",\"item\":\"https:\\\/\\\/holz-huber.at\\\/de\\\/home\\\/\"},{\"@type\":\"ListItem\",\"position\":2,\"name\":\"Karriere\"}]},{\"@type\":\"WebSite\",\"@id\":\"https:\\\/\\\/holz-huber.at\\\/de\\\/#website\",\"url\":\"https:\\\/\\\/holz-huber.at\\\/de\\\/\",\"name\":\"Holz Huber\",\"description\":\"Fenster- und T\u00fcrlamellen\",\"potentialAction\":[{\"@type\":\"SearchAction\",\"target\":{\"@type\":\"EntryPoint\",\"urlTemplate\":\"https:\\\/\\\/holz-huber.at\\\/de\\\/?s={search_term_string}\"},\"query-input\":{\"@type\":\"PropertyValueSpecification\",\"valueRequired\":true,\"valueName\":\"search_term_string\"}}],\"inLanguage\":\"de\"}]}<\/script>\n<!-- \/ Yoast SEO plugin. -->","yoast_head_json":{"title":"Karriere \u2013 werden Sie Teil unseres Teams","description":"Sind Sie daran interessiert, Teil unseres engagierten Teams bei Holz Huber in Feldkirchen, \u00d6sterreich zu werden? Starten Sie Ihre Karriere in unserem S\u00e4gewerk in K\u00e4rnten.","robots":{"index":"index","follow":"follow","max-snippet":"max-snippet:-1","max-image-preview":"max-image-preview:large","max-video-preview":"max-video-preview:-1"},"canonical":"https:\/\/holz-huber.at\/de\/karriere\/","og_locale":"de_DE","og_type":"article","og_title":"Karriere \u2013 werden Sie Teil unseres Teams","og_description":"Sind Sie daran interessiert, Teil unseres engagierten Teams bei Holz Huber in Feldkirchen, \u00d6sterreich zu werden? Starten Sie Ihre Karriere in unserem S\u00e4gewerk in K\u00e4rnten.","og_url":"https:\/\/holz-huber.at\/de\/karriere\/","og_site_name":"Holz Huber","og_image":[{"url":"https:\/\/holz-huber.at\/wp-content\/uploads\/2023\/08\/Favicon.png","type":"","width":"","height":""}],"twitter_card":"summary_large_image","schema":{"@context":"https:\/\/schema.org","@graph":[{"@type":"WebPage","@id":"https:\/\/holz-huber.at\/de\/karriere\/","url":"https:\/\/holz-huber.at\/de\/karriere\/","name":"Karriere \u2013 werden Sie Teil unseres Teams","isPartOf":{"@id":"https:\/\/holz-huber.at\/de\/#website"},"primaryImageOfPage":{"@id":"https:\/\/holz-huber.at\/de\/karriere\/#primaryimage"},"image":{"@id":"https:\/\/holz-huber.at\/de\/karriere\/#primaryimage"},"thumbnailUrl":"https:\/\/holz-huber.at\/wp-content\/uploads\/2023\/08\/Favicon.png","datePublished":"2024-03-19T07:46:02+00:00","description":"Sind Sie daran interessiert, Teil unseres engagierten Teams bei Holz Huber in Feldkirchen, \u00d6sterreich zu werden? Starten Sie Ihre Karriere in unserem S\u00e4gewerk in K\u00e4rnten.","breadcrumb":{"@id":"https:\/\/holz-huber.at\/de\/karriere\/#breadcrumb"},"inLanguage":"de","potentialAction":[{"@type":"ReadAction","target":["https:\/\/holz-huber.at\/de\/karriere\/"]}]},{"@type":"ImageObject","inLanguage":"de","@id":"https:\/\/holz-huber.at\/de\/karriere\/#primaryimage","url":"https:\/\/holz-huber.at\/wp-content\/uploads\/2023\/08\/Favicon.png","contentUrl":"https:\/\/holz-huber.at\/wp-content\/uploads\/2023\/08\/Favicon.png"},{"@type":"BreadcrumbList","@id":"https:\/\/holz-huber.at\/de\/karriere\/#breadcrumb","itemListElement":[{"@type":"ListItem","position":1,"name":"Startseite","item":"https:\/\/holz-huber.at\/de\/home\/"},{"@type":"ListItem","position":2,"name":"Karriere"}]},{"@type":"WebSite","@id":"https:\/\/holz-huber.at\/de\/#website","url":"https:\/\/holz-huber.at\/de\/","name":"Holz Huber","description":"Fenster- und T\u00fcrlamellen","potentialAction":[{"@type":"SearchAction","target":{"@type":"EntryPoint","urlTemplate":"https:\/\/holz-huber.at\/de\/?s={search_term_string}"},"query-input":{"@type":"PropertyValueSpecification","valueRequired":true,"valueName":"search_term_string"}}],"inLanguage":"de"}]}},"_links":{"self":[{"href":"https:\/\/holz-huber.at\/de\/wp-json\/wp\/v2\/pages\/1488","targetHints":{"allow":["GET"]}}],"collection":[{"href":"https:\/\/holz-huber.at\/de\/wp-json\/wp\/v2\/pages"}],"about":[{"href":"https:\/\/holz-huber.at\/de\/wp-json\/wp\/v2\/types\/page"}],"author":[{"embeddable":true,"href":"https:\/\/holz-huber.at\/de\/wp-json\/wp\/v2\/users\/1"}],"replies":[{"embeddable":true,"href":"https:\/\/holz-huber.at\/de\/wp-json\/wp\/v2\/comments?post=1488"}],"version-history":[{"count":1,"href":"https:\/\/holz-huber.at\/de\/wp-json\/wp\/v2\/pages\/1488\/revisions"}],"predecessor-version":[{"id":1489,"href":"https:\/\/holz-huber.at\/de\/wp-json\/wp\/v2\/pages\/1488\/revisions\/1489"}],"wp:attachment":[{"href":"https:\/\/holz-huber.at\/de\/wp-json\/wp\/v2\/media?parent=1488"}],"curies":[{"name":"wp","href":"https:\/\/api.w.org\/{rel}","templated":true}]}}

<div data-elementor-type="wp-page" data-elementor-id="1488" class="elementor elementor-1488 elementor-42" data-elementor-post-type="page">
				<div class="elementor-element elementor-element-e4b0d86 e-con-full e-flex e-con e-parent" data-id="e4b0d86" data-element_type="container" data-e-type="container" data-settings="{&quot;jet_parallax_layout_list&quot;:[],&quot;background_background&quot;:&quot;classic&quot;}">
				</div>
		<div class="elementor-element elementor-element-a775cf8 e-con-full e-flex e-con e-parent" data-id="a775cf8" data-element_type="container" data-e-type="container" data-settings="{&quot;jet_parallax_layout_list&quot;:[]}">
		<div class="elementor-element elementor-element-164171e e-con-full e-flex e-con e-child" data-id="164171e" data-element_type="container" data-e-type="container" data-settings="{&quot;background_background&quot;:&quot;classic&quot;,&quot;jet_parallax_layout_list&quot;:[]}">
				<div class="elementor-element elementor-element-98f75d6 elementor-widget elementor-widget-heading" data-id="98f75d6" data-element_type="widget" data-e-type="widget" data-widget_type="heading.default">
				<div class="elementor-widget-container">
					<h2 class="elementor-heading-title elementor-size-default">Ihre Karriere bei Holz Huber</h2>				</div>
				</div>
				<div class="elementor-element elementor-element-5fe3c51 elementor-widget-divider--view-line elementor-widget elementor-widget-divider" data-id="5fe3c51" data-element_type="widget" data-e-type="widget" data-widget_type="divider.default">
				<div class="elementor-widget-container">
							<div class="elementor-divider">
			<span class="elementor-divider-separator">
						</span>
		</div>
						</div>
				</div>
				<div class="elementor-element elementor-element-9bc5534 elementor-widget elementor-widget-text-editor" data-id="9bc5534" data-element_type="widget" data-e-type="widget" data-widget_type="text-editor.default">
				<div class="elementor-widget-container">
									<p>Derzeit sind wir nicht auf der Suche nach Verstärkung für unser Team. Sobald freie Stellen verfügbar sind, finden Sie auf dieser Seite Stellenausschreibungen. Wir freuen uns immer über eine Initiativbewerbung!</p>
								</div>
				</div>
		<div class="elementor-element elementor-element-8362900 e-flex e-con-boxed e-con e-child" data-id="8362900" data-element_type="container" data-e-type="container" data-settings="{&quot;jet_parallax_layout_list&quot;:[]}">
					<div class="e-con-inner">
		<div class="elementor-element elementor-element-ecdb9ad e-flex e-con-boxed e-con e-child" data-id="ecdb9ad" data-element_type="container" data-e-type="container" data-settings="{&quot;jet_parallax_layout_list&quot;:[]}">
					<div class="e-con-inner">
				<div class="elementor-element elementor-element-27b7d1f link-color elementor-widget elementor-widget-text-editor" data-id="27b7d1f" data-element_type="widget" data-e-type="widget" data-widget_type="text-editor.default">
				<div class="elementor-widget-container">
									<p>Holz Huber GmbH<br />Rennweg 1<br />9560 Feldkirchen in Kärnten</p>
<p><strong>Tel:</strong> <a href="tel:+436643576990">+43 664 3576990</a><br /><strong>Mail:</strong> <a href="mailto:office@holz-huber.at">office@holz-huber.at</a></p>
								</div>
				</div>
					</div>
				</div>
		<div class="elementor-element elementor-element-5df1b72 e-flex e-con-boxed e-con e-child" data-id="5df1b72" data-element_type="container" data-e-type="container" data-settings="{&quot;jet_parallax_layout_list&quot;:[]}">
					<div class="e-con-inner">
				<div class="elementor-element elementor-element-7dd9a0c elementor-widget elementor-widget-image" data-id="7dd9a0c" data-element_type="widget" data-e-type="widget" data-widget_type="image.default">
				<div class="elementor-widget-container">
															<img fetchpriority="high" decoding="async" width="1001" height="997" src="https://holz-huber.at/wp-content/uploads/2023/08/Favicon.png" class="attachment-large size-large wp-image-1359" alt="" srcset="https://holz-huber.at/wp-content/uploads/2023/08/Favicon.png 1001w, https://holz-huber.at/wp-content/uploads/2023/08/Favicon-300x300.png 300w, https://holz-huber.at/wp-content/uploads/2023/08/Favicon-150x150.png 150w, https://holz-huber.at/wp-content/uploads/2023/08/Favicon-768x765.png 768w, https://holz-huber.at/wp-content/uploads/2023/08/Favicon-230x230.png 230w, https://holz-huber.at/wp-content/uploads/2023/08/Favicon-600x598.png 600w" sizes="(max-width: 1001px) 100vw, 1001px" />															</div>
				</div>
					</div>
				</div>
					</div>
				</div>
				</div>
				</div>
				</div>

<p>Ihre Karriere bei Holz Huber Derzeit sind wir nicht auf der Suche nach Verstärkung für unser Team. Sobald freie Stellen verfügbar sind, finden Sie auf dieser Seite Stellenausschreibungen. Wir freuen uns immer über eine Initiativbewerbung! Holz Huber GmbHRennweg 19560 Feldkirchen in Kärnten Tel: +43 664 3576990Mail: office@holz-huber.at</p>

<!-- This site is optimized with the Yoast SEO plugin v27.4 - https://yoast.com/product/yoast-seo-wordpress/ -->
<title>Karriere – werden Sie Teil unseres Teams</title>
<meta name="description" content="Sind Sie daran interessiert, Teil unseres engagierten Teams bei Holz Huber in Feldkirchen, Österreich zu werden? Starten Sie Ihre Karriere in unserem Sägewerk in Kärnten." />
<meta name="robots" content="index, follow, max-snippet:-1, max-image-preview:large, max-video-preview:-1" />
<link rel="canonical" href="https://holz-huber.at/de/karriere/" />
<meta property="og:locale" content="de_DE" />
<meta property="og:type" content="article" />
<meta property="og:title" content="Karriere – werden Sie Teil unseres Teams" />
<meta property="og:description" content="Sind Sie daran interessiert, Teil unseres engagierten Teams bei Holz Huber in Feldkirchen, Österreich zu werden? Starten Sie Ihre Karriere in unserem Sägewerk in Kärnten." />
<meta property="og:url" content="https://holz-huber.at/de/karriere/" />
<meta property="og:site_name" content="Holz Huber" />
<meta property="og:image" content="https://holz-huber.at/wp-content/uploads/2023/08/Favicon.png" />
<meta name="twitter:card" content="summary_large_image" />
<script type="application/ld+json" class="yoast-schema-graph">{"@context":"https:\/\/schema.org","@graph":[{"@type":"WebPage","@id":"https:\/\/holz-huber.at\/de\/karriere\/","url":"https:\/\/holz-huber.at\/de\/karriere\/","name":"Karriere – werden Sie Teil unseres Teams","isPartOf":{"@id":"https:\/\/holz-huber.at\/de\/#website"},"primaryImageOfPage":{"@id":"https:\/\/holz-huber.at\/de\/karriere\/#primaryimage"},"image":{"@id":"https:\/\/holz-huber.at\/de\/karriere\/#primaryimage"},"thumbnailUrl":"https:\/\/holz-huber.at\/wp-content\/uploads\/2023\/08\/Favicon.png","datePublished":"2024-03-19T07:46:02+00:00","description":"Sind Sie daran interessiert, Teil unseres engagierten Teams bei Holz Huber in Feldkirchen, Österreich zu werden? Starten Sie Ihre Karriere in unserem Sägewerk in Kärnten.","breadcrumb":{"@id":"https:\/\/holz-huber.at\/de\/karriere\/#breadcrumb"},"inLanguage":"de","potentialAction":[{"@type":"ReadAction","target":["https:\/\/holz-huber.at\/de\/karriere\/"]}]},{"@type":"ImageObject","inLanguage":"de","@id":"https:\/\/holz-huber.at\/de\/karriere\/#primaryimage","url":"https:\/\/holz-huber.at\/wp-content\/uploads\/2023\/08\/Favicon.png","contentUrl":"https:\/\/holz-huber.at\/wp-content\/uploads\/2023\/08\/Favicon.png"},{"@type":"BreadcrumbList","@id":"https:\/\/holz-huber.at\/de\/karriere\/#breadcrumb","itemListElement":[{"@type":"ListItem","position":1,"name":"Startseite","item":"https:\/\/holz-huber.at\/de\/home\/"},{"@type":"ListItem","position":2,"name":"Karriere"}]},{"@type":"WebSite","@id":"https:\/\/holz-huber.at\/de\/#website","url":"https:\/\/holz-huber.at\/de\/","name":"Holz Huber","description":"Fenster- und Türlamellen","potentialAction":[{"@type":"SearchAction","target":{"@type":"EntryPoint","urlTemplate":"https:\/\/holz-huber.at\/de\/?s={search_term_string}"},"query-input":{"@type":"PropertyValueSpecification","valueRequired":true,"valueName":"search_term_string"}}],"inLanguage":"de"}]}</script>
<!-- / Yoast SEO plugin. -->

Sind Sie daran interessiert, Teil unseres engagierten Teams bei Holz Huber in Feldkirchen, Österreich zu werden? Starten Sie Ihre Karriere in unserem Sägewerk in Kärnten.

Fenster- und Türlamellen
